Calculate b(16).
77
Let a(b) = -785*b + 16493. Give a(21).
8
Let d(n) = n**3 + 16*n**2 + 703*n + 12224. Determine d(-17).
-16
Let b(v) = 13052*v + 1957749. What is b(-150)?
-51
Let r(p) = p**3 - 4*p**2 - 68*p + 219. Give r(3).
6
Let b(g) = 12102*g + 12114. Calculate b(-1).
12
Let b(q) = 5*q**2 - 382*q + 8721. Calculate b(26).
2169
Let f(a) = -5*a**3 + 25*a**2 + 918*a - 4596. Give f(5).
-6
Let i(h) = h**3 - 71*h**2 + 468*h + 276. Determine i(62).
-5304
Let k(t) = -19*t**2 - 1834*t + 15921. Give k(8).
33
Let o(j) = 8*j**3 + 17*j**2 - 37*j - 73. Give o(-2).
5
Let g(f) = -41*f**2 + 1227*f + 18. What is g(30)?
-72
Let d(c) = 2*c**3 + 46*c**2 - 155*c - 3617. Calculate d(-23).
-52
Let o(p) = -3*p**3 + 32*p**2 + 2*p - 299. Give o(10).
-79
Let l(y) = 39*y**2 + 12084*y - 1866. Calculate l(-310).
-6
Let l(o) = 8*o**3 - 296*o**2 + 44*o - 1636. Give l(37).
-8
Let o(f) = -9769*f - 9760. Determine o(-1).
9
Let n(k) = -2*k**2 - 16656*k + 149974. Calculate n(9).
-92
Let w(a) = 33*a**3 - 324*a**2 - 38*a - 212. Calculate w(10).
8
Let v(r) = 4*r**2 - 532*r + 5195. Give v(10).
275
Let a(n) = 133*n - 5191. Calculate a(39).
-4
Let u(k) = 35*k**2 - 3611*k - 10511. Calculate u(106).
-17
Let k(q) = 10839*q + 10801. Calculate k(-1).
-38
Let q(j) = -4*j**3 - 113*j**2 + 394*j + 4. Determine q(3).
61
Let x(u) = u**3 + 24*u**2 + 61*u - 446. Calculate x(-23).
-1320
Let g(z) = 3*z**2 + 386*z + 936. Calculate g(-132).
2256
Let p(r) = 3627*r**3 - 4077*r**2 - 5*r + 6. Determine p(1).
-449
Let y(o) = -33931*o + 7668403. Determine y(226).
-3
Let m(k) = -278*k + 7603. Determine m(30).
-737
Let m(l) = -3*l**2 - 129*l + 745. Determine m(-48).
25
Let r(q) = 8*q**2 + 10990*q + 1192246. Calculate r(-1255).
-4
Let v(c) = -c**3 - 56*c**2 - 1068*c - 60032. Calculate v(-56).
-224
Let v(y) = -y**3 + 221*y**2 - 437*y - 359. Give v(219).
-140
Let x(w) = -39*w**3 + 270*w**2 - 146*w + 1152. What is x(7)?
-17
Let i(t) = -6804*t - 2714887. What is i(-399)?
-91
Let w(i) = 2*i**3 + 7*i**2 - 322*i - 399. What is w(-14)?
-7
Let l(o) = -o**2 + 874*o - 12827. What is l(15)?
58
Let x(d) = -d**2 - 67*d + 1290. Calculate x(14).
156
Let y(a) = -4*a**3 - 39*a**2 + 242*a + 2892. Give y(-11).
835
Let t(y) = 7521*y + 782185. Calculate t(-104).
1
Let d(q) = 133*q**2 - 2484*q - 658. What is d(19)?
159
Let o(h) = -2*h**3 - 300*h**2 + 13926*h + 16465. Calculate o(-187).
9
Let a(w) = -w**3 + 428*w**2 - 1732*w + 1368. Calculate a(3).
-3
Let q(l) = -5566*l - 1174411. Determine q(-211).
15
Let n(s) = 5*s**2 - 145*s - 190052. Determine n(-181).
-2
Let k(x) = -1917*x + 128437. Calculate k(67).
-2
Let a(c) = c**3 + 14*c**2 - 360*c - 5242. Give a(-16).
6
Let i(p) = 9*p**2 + 242*p + 519. Determine i(-17).
-994
Let q(v) = -1842*v + 399698. What is q(217)?
-16
Let g(y) = -155*y - 5728. Calculate g(-27).
-1543
Let v(m) = 14*m**3 + 13467*m**2 - 965*m - 2757. Give v(-962).
129
Let x(h) = -141*h + 7704. Determine x(59).
-615
Let q(z) = -1129*z + 15721. What is q(13)?
1044
Let j(h) = -509*h**2 - 565*h - 71. Give j(-1).
-15
Let k(o) = o**3 - 27*o**2 - 1626*o + 41885. Calculate k(25).
-15
Let a(i) = -4*i**3 + 1647*i**2 - 1322*i + 714412. Calculate a(412).
4
Let z(t) = t**3 + 475*t**2 - 73551*t - 291. What is z(123)?
78
Let l(w) = 5*w**2 + 2942*w - 297614. What is l(88)?
2
Let f(t) = -511*t - 2731. Calculate f(-7).
846
Let o(s) = 111*s**3 - 1887*s**2 + 7*s - 105. Calculate o(17).
14
Let f(i) = -20*i**2 - 889*i + 42603. Give f(29).
2
Let a(o) = 434*o - 8602. Calculate a(20).
78
Let x(o) = -3*o**3 - 41*o + 107. Determine x(3).
-97
Let r(k) = k**3 + 23*k**2 - 1093*k + 1166. What is r(23)?
361
Let k(w) = 6*w**2 - 3*w - 703. Give k(11).
-10
Let g(d) = d**2 - 17388*d - 139197. What is g(-8)?
-29
Let c(x) = -280*x - 26905. What is c(-97)?
255
Let u(v) = 22375*v + 134374. Determine u(-6).
124
Let y(h) = 2*h**3 - 199*h**2 - 64*h - 3193. Calculate y(100).
407
Let g(u) = 170*u - 19411. Determine g(114).
-31
Let x(u) = 7*u**2 + 114*u + 102. Determine x(0).
102
Let w(r) = -r**2 + 28192*r + 140985. Calculate w(-5).
0
Let r(q) = 77*q**2 - 10927*q - 484. Calculate r(142).
510
Let m(d) = 1030*d + 144376. What is m(-140)?
176
Let h(n) = n**2 + 30650*n - 459969. What is h(15)?
6
Let j(o) = 2*o**2 + 2362*o - 90367. What is j(37)?
-235
Let z(k) = -1178*k + 8133. Give z(6).
1065
Let v(j) = 2903*j + 1193138. Calculate v(-411).
5
Let j(f) = -336*f + 35872. Calculate j(98).
2944
Let h(s) = 2*s**3 + 6488*s**2 + 12967*s - 9. Determine h(-2).
-7
Let r(p) = p**3 - 64*p**2 - 506*p + 20153. What is r(67)?
-282
Let c(a) = -9189*a + 303285. Determine c(33).
48
Let s(d) = 5819*d - 267678. Calculate s(46).
-4
Let r(v) = -v**2 + 2643*v + 29227. What is r(-11)?
33
Let d(l) = 228*l**2 + 301*l - 671. What is d(2)?
843
Let f(b) = -4*b**2 + 143*b - 2517. Give f(22).
-1307
Let a(b) = 9236*b - 341732. What is a(37)?
0
Let w(f) = 3264*f**2 - 143618*f + 72. What is w(44)?
-16
Let k(m) = -380*m**2 + 2989*m + 5981. What is k(-2)?
-1517
Let v(f) = 6*f**2 + 816*f + 22714. What is v(-39)?
16
Let k(h) = -5810*h + 36827. Determine k(6).
1967
Let w(p) = 384*p**2 - 993*p - 2000. Determine w(-2).
1522
Let l(d) = -165238*d + 26. What is l(0)?
26
Let z(b) = b**3 - 101*b**2 + 300*b - 64117. Determine z(104).
-469
Let t(x) = 31*x - 1060. What is t(45)?
335
Let y(d) = -804*d - 21165. What is y(-26)?
-261
Let b(w) = 2224*w - 46133. What is b(21)?
571
Let u(t) = -t**2 + 631*t + 557375. Give u(1126).
5
Let v(p) = -167514*p - 8543218. Give v(-51).
-4
Let s(i) = 8177*i**2 + 65472*i - 1. Calculate s(-8).
-449
Let p(r) = -3048*r + 3005. Calculate p(1).
-43
Let v(z) = 8*z**2 + 142*z + 761. What is v(-15)?
431
Let g(t) = 14866*t - 2006899. Determine g(135).
11
Let a(o) = -4659*o - 964407. What is a(-207)?
6
Let h(p) = -19*p + 3419. Calculate h(182).
-39
Let o(v) = 5*v**2 - 243*v - 346. What is o(26)?
-3284
Let t(k) = -3*k**3 - 5*k**2 - 39*k - 28. What is t(-6)?
674
Let a(t) = 39*t + 1304. Calculate a(-32).
56
Let p(x) = -36*x**2 - 187*x + 473. Calculate p(-7).
18
Let t(b) = -7*b**2 + 1871*b + 9140. What is t(272)?
164
Let s(f) = -f**3 + 126*f**2 - 522*f + 18823. Calculate s(123).
4
Let t(g) = -30*g - 142. Determine t(-13).
248
Let h(s) = -23*s**2 + 221*s + 1865. Determine h(15).
5
Let i(o) = 2341*o**2 - 135781*o + 170. Determine i(58).
-4
Let p(q) = 6*q**2 - 14188*q - 85352. What is p(-6)?
-8
Let r(t) = 537*t + 66597. Determine r(-124).
9
Let h(s) = s**3 + 49*s**2 + 114*s + 3054. What is h(-48)?
-114
Let z(c) = -225*c**2 + 5403*c - 66. Calculate z(24).
6
Let k(q) = q**2 + 285*q + 13552. What is k(-107)?
-5494
Let c(q) = -8*q**2 + 313*q + 4470. Determine c(-11).
59
Let q(n) = 15725*n + 283175. Calculate q(-18).
125
Let g(f) = -256811*f - 2054486. What is g(-8)?
2
Let r(u) = -2*u**3 - 247*u**2 - 597*u + 1061. What is r(-121)?
93
Let g(p) = -384*p - 21251. Determine g(-55).
-131
Let j(b) = -586999*b - 3522008. Determine j(-6).
-14
Let o(w) = -w**3 - 5*w**2 + 920603*w + 4603014. Give o(-5).
-1
Let l(x) = 2*x**3 - 28*x**2 - 3625*x + 50757. Determine l(14).
7
Let i(n) = -648*n + 211785. Determine i(327).
-111
Let u(x) = -249*x - 4614. Determine u(-20).
366
Let y(q) = 1474*q + 61805. Calculate y(-41).
1371
Let o(a) = -a**2 - 10107*a - 50494. What is o(-5)?
16
Let f(r) = -r**3 + 51*r**2 + 29*r + 53. Determine f(0).
53
Let o(s) = -s**3 + 837*s**2 - 79975*s + 548. Determine o(110).
-2
Let z(a) = -12*a**2 + 74*a + 42. Give z(-1).
-44
Let g(m) = m**2 + 2981*m + 132202. Determine g(-45).
82
Let j(a) = 4087*a + 4107. Calculate j(-1).
20
Let y(t) = -299*t - 7559. Calculate y(-28).
813
Let t(w) = -3*w**2 + 130*w - 904. Determine t(9).
23
Let q(m) = m**2 - 21154*m + 232570. Give q(11).
-3
Let d(b) = b**3 + 31*b**2 - 107*b - 2769. Give d(-9).
-24
Let c(r) = 9*r**3 + 3*r**2 - 1413*r + 2823. Calculate c(2).
81
Let d(a) = -6*a**3 + 96*a**2 + 75*a - 870. Give d(17).
-1329
Let v(q) = 2*q**3 - 3*q**2 - 203*q + 828. What is v(5)?
-12
Let x(g) = 5829*g + 16848. What is x(-3)?
-639
Let g(q) = -1271*q - 287463. Calculate g(-226).
-217
Let d(z) = -914*z + 9866. Give d(12).
-1102
Let u(j) = 201*j**3 + 753*j**2 + 467*j + 46. Give u(-3).
-5
Let y(l) = -l**3 - 17*l**2 + 8*l + 56. Give y(-15).
-514
Let f(a) = 26070*a + 2163798. Determine f(-83).
-12
Let k(h) = -1019*h - 79. Calculate k(2).
-2117
Let p(s) = s**3 + 122*s**2 + 2125*